t r be y(4). Let f(t) = 2*t - 3. Let d be f(r). Suppose -3 = -2*w + d. Calculate the highest common divisor of 4 and w.
2
Suppose 5 = -3*q - 4. Let l be ((q - -4) + 1)*1. Suppose -4*v = 0, 2*p = -l*v + 5*v + 10. Calculate the greatest common divisor of p and 40.
5
Let g(q) = q**3 + 19*q**2 + 16*q + 4. Let s be g(-18). What is the highest common divisor of 8 and s?
8
Suppose 2 = -5*q - 3, 9 = -w - 5*q. Let c be ((-3)/w)/(3/12). What is the greatest common factor of c and 9?
3
Let o(y) = -y - 2 + y**2 + 0 - 5*y**2 - 1 - 3*y**3. Let c be o(-3). Suppose -c = -4*u + u. What is the highest common divisor of u and 165?
15
Let d be (-1)/(-1) + 13 + -1. Let n be (-280)/(-2) - (1 + 1). Let b = n + -73. What is the highest common divisor of d and b?
13
Suppose 36 = -y + 7*y. What is the greatest common factor of y and 4?
2
Suppose 7*i = -0*i + 294. What is the greatest common divisor of 105 and i?
21
Suppose 0 = -t + 38 - 30. What is the greatest common divisor of 64 and t?
8
Let x(d) = -d**3 - 3*d**2 - d - 1. Let t be x(-4). What is the highest common factor of t and 171?
19
Let i be 24/14 + -2 - 395/(-35). Calculate the greatest common divisor of 77 and i.
11
Let h = -101 - -251. Calculate the greatest common factor of h and 60.
30
Suppose 0 = 4*n - 8, 3*r + 16 = -4*n + 102. What is the highest common divisor of r and 39?
13
Let o = -104 - -114. Let c = 189 - 109. Calculate the greatest common divisor of c and o.
10
Let b(a) = a**3 + 10*a**2 - a - 5. Let k be b(-9). Calculate the greatest common divisor of k and 17.
17
Suppose z + 2*k = 6*z - 231, -3*z + 132 = k. Let y = -27 + 45. What is the greatest common divisor of z and y?
9
Suppose -283 = -6*y - 43. Calculate the greatest common divisor of 16 and y.
8
Let b(i) = -40*i - 1. Let t be b(-1). Let l(h) = h**3 - 6*h**2 - 5*h + 6. Let w be l(6). Let j = -11 - w. Calculate the highest common divisor of t and j.
13
Let c = 16 + -8. Let n = c - 2. Suppose 16 = -0*b + 4*b. Calculate the greatest common factor of b and n.
2
Suppose -3*l - 1 = -7. Let a = 1 + l. Suppose 0 = 5*k + 3*d - 93 + 14, -a*k = -d - 53. What is the greatest common factor of 51 and k?
17
Let r = 10 + -4. Let n(h) = 2*h**2 + 2*h + 6. Let j = 8 + -12. Let p be n(j). What is the highest common factor of p and r?
6
Suppose -2*o + 11 = x - 0*o, -2*o - 14 = -4*x. Let q = 5 + x. Calculate the greatest common divisor of 60 and q.
10
Let q(i) = -i + 19. Let y be q(15). What is the greatest common factor of 20 and y?
4
Let g be (215 + 1)/4 + 2. Suppose -g = -n - n. What is the greatest common factor of n and 42?
14
Suppose 4*r - 1071 = -5*r. Calculate the greatest common divisor of 17 and r.
17
Let n be (4896/238)/(((-4)/(-14))/2). Calculate the highest common factor of 18 and n.
18
Let h be (0 - (-1)/(-5))/((-4)/20). What is the highest common divisor of h and 11?
1
Suppose 73 = l + 3*l - 5*x, 2*x + 10 = 0. Let p = l + -9. Let j be -1*(-2 + 1 - 1). What is the greatest common factor of j and p?
1
Let r(i) = -i**2 - 5*i + 2. Let l be r(-5). Suppose -57 + 1 = -4*k. Calculate the highest common factor of l and k.
2
Let d(p) = -3*p + 8. Let w = -11 - -3. Let k be d(w). Calculate the greatest common divisor of k and 8.
8
Suppose 0 = -4*z - 2*i + 66, 5*z - 2*z - 33 = 4*i. Suppose -2*s - 2*s + 480 = 0. Calculate the greatest common divisor of s and z.
15
Let v(l) = 10 + 2*l**2 - 17 + 7 - 7*l. Let f be v(8). Calculate the highest common divisor of 9 and f.
9
Suppose 0 = 2*u - 25 - 23. Let x(j) = -j**2 - j. Let m be x(0). Let d be (14 - m) + (1 - 3). Calculate the highest common factor of d and u.
12
Let z = -3 + 6. Let f(v) = 0*v**2 + 2*v + 2*v**2 - 4*v**2 + 3*v**3 - 4 - 2*v**z. Let p be f(3). Calculate the highest common factor of p and 88.
11
Let x be (7/(-14))/(2/(-48)). Let i be (14/6)/(2/12). Let r = i - 8. What is the greatest common divisor of r and x?
6
Let s = 106 + 59. Let h = 301 - s. What is the highest common divisor of h and 17?
17
Suppose -b + 6*b = 55. Let l be 1/((-1)/b*-1). What is the greatest common divisor of l and 33?
11
Let x(d) = d**2 - 9*d + 3. Let u be x(9). Let n be -1*(-63)/u + -1. Let y = n - 13. Calculate the greatest common factor of y and 28.
7
Suppose -5 = l - 21. What is the highest common factor of 8 and l?
8
Let k(w) = w**3 + w**2 + w + 1. Let v be k(-2). Let j = v - -4. Let b be -8*(1 - 3 - j). Calculate the highest common divisor of b and 2.
2
Suppose -4*y - 7 - 5 = 0. Let g be 0/(y - -4) + 165. Calculate the greatest common divisor of g and 15.
15
Suppose 5*w = s + 28 + 27, 4*w - 121 = 3*s. Let y = 53 - s. Calculate the greatest common divisor of 8 and y.
8
Suppose n + o = 10, 17 = n - 3*o + 3. Suppose -5*j + 109 = -a, -8 = -2*j + 2*a + 34. What is the highest common divisor of n and j?
11
Suppose -5*r + 5 = -20. Suppose -23 + r = -2*p. Calculate the greatest common factor of 45 and p.
9
Let q be (2/4)/(4/(-16)). Let o = 2 - q. Let v(j) = -j + 44. Let r be v(0). Calculate the highest common factor of r and o.
4
Let j = 7 - 4. Let w be j*(-1 - (-7)/3). Calculate the greatest common factor of 2 and w.
2
Suppose 0 = 8*p - 528 + 80. Calculate the highest common divisor of p and 7.
7
Let x be (-1)/(-2) + (-13)/(-2). Let m(f) = f**3 - 6*f**2 - 11*f - 2. Let d be m(8). Let r = d - -11. Calculate the highest common divisor of r and x.
7
Let j(k) = 2*k**2 - 10*k - 20. Let h be j(11). What is the greatest common factor of h and 28?
28
Let n = 104 + -70. Suppose 4*x = -3*x + 595. What is the greatest common divisor of x and n?
17
Suppose 16 = 3*v - v. What is the highest common factor of 88 and v?
8
Let g be (-4)/(-10) + (-424)/(-40). Suppose -a + 2 = -g. Calculate the highest common factor of 65 and a.
13
Let n = -6 - -29. Calculate the greatest common factor of 253 and n.
23
Suppose -2*o + 59 = 5*f, 2*f = -4*o - 2*f + 112. Suppose -3*d + 3 = -2*d. Calculate the greatest common divisor of d and o.
3
Let k be (1*-12)/4 + 6. Suppose k*q - 15 = 3. Calculate the highest common factor of q and 42.
6
Let k be (0 + -1 - -3) + (-7)/7. What is the greatest common divisor of 9 and k?
1
Let v = 94 - -101. Calculate the greatest common divisor of 39 and v.
39
Let h(u) = 2*u + 168. Let v be h(0). Calculate the highest common divisor of 21 and v.
21
Let r = 1 + 1. Let d(v) = v + 5 + r + 4. Let u be d(0). Calculate the greatest common divisor of 44 and u.
11
Let d(o) = -7*o**2 - 10*o + 1. Let t(r) = -3*r**2 - 5*r. Let l(i) = -2*d(i) + 5*t(i). Let p be l(-4). Calculate the highest common divisor of 6 and p.
2
Suppose 4*g + 20 = 0, 46 = b + 3*b - 2*g. Suppose 0 = 2*o + 3*s - 27, 5*o + 2*s = 5*s + 36. What is the highest common divisor of b and o?
9
Suppose 3*w - w - 6 = 3*b, -3*b = 0. Let a = w + -3. Suppose a*i + 44 = 4*i. What is the highest common factor of i and 22?
11
Suppose 5 = 5*m - 10. What is the greatest common divisor of m and 21?
3
Let k = 82 - 49. Calculate the highest common divisor of k and 22.
11
Let n = 32 + -19. Calculate the greatest common factor of n and 91.
13
Let j be (-4)/(-6)*201/2. Suppose 22 = -5*c + j. Calculate the greatest common factor of c and 3.
3
Let x be ((-28)/8)/(1/(-12)). Let c = x + -27. What is the greatest common factor of c and 15?
15
Let w(b) = -b**2 + 9*b - 7. Let j be w(7). Let r be ((-7)/(-4))/(1/4). Suppose -5*o + 112 - r = 0. Calculate the greatest common factor of o and j.
7
Let q = 6 + -6. Let x(n) = n**3 + n**2 - n + 3. Let t be x(q). Suppose -7 = -2*z + 5. Calculate the highest common factor of t and z.
3
Suppose -g = -6*g - 20. Let r be 4*-5*27/g. What is the highest common divisor of 15 and r?
15
Let o(x) = x**3 + x**2 + 2*x - 6. Let y = -4 + 2. Let w be (-4 - 1)/(y/2). Let p be o(w). What is the greatest common divisor of p and 14?
14
Suppose -5*s = 2*u - u - 2141, 0 = -3*s - 2*u + 1279. Calculate the highest common factor of s and 39.
39
Suppose -5*g + 662 = 87. Calculate the greatest common factor of g and 23.
23
Suppose -2*p + 12 = 4. Suppose p*z = 6*z - 36. Calculate the greatest common divisor of 54 and z.
18
Let x be 3/5 + (-402)/(-30). Let m be x/(3 - (3 + -2)). Calculate the greatest common divisor of m and 7.
7
Let y = -298 + 485. What is the greatest common factor of y and 17?
17
Suppose -q + 2 = -2. Suppose -d + 5*d - 67 = -5*a, 4*a - 64 = -q*d. Suppose -2*j - j = -39. C